 tens digit of 2811683?
8
What is the thousands digit of 100502?
0
What is the ten thousands digit of 351833?
5
What is the units digit of 445298?
8
What is the millions digit of 6968143?
6
What is the units digit of 1067631?
1
What is the hundred thousands digit of 102890?
1
What is the thousands digit of 91753?
1
What is the ten thousands digit of 230429?
3
What is the tens digit of 15660031?
3
What is the units digit of 675906?
6
What is the ten thousands digit of 118631?
1
What is the hundreds digit of 17204438?
4
What is the thousands digit of 10123323?
3
What is the units digit of 142738?
8
What is the units digit of 9422305?
5
What is the hundred thousands digit of 18886234?
8
What is the ten thousands digit of 276649?
7
What is the thousands digit of 1553278?
3
What is the thousands digit of 8262327?
2
What is the ten thousands digit of 721450?
2
What is the tens digit of 110987?
8
What is the ten thousands digit of 9385821?
8
What is the thousands digit of 9369134?
9
What is the hundred thousands digit of 2853200?
8
What is the hundreds digit of 3841835?
8
What is the hundreds digit of 3058716?
7
What is the thousands digit of 4014653?
4
What is the thousands digit of 4080514?
0
What is the millions digit of 1593600?
1
What is the hundreds digit of 12020882?
8
What is the thousands digit of 6267307?
7
What is the tens digit of 625253?
5
What is the hundred thousands digit of 10973386?
9
What is the thousands digit of 582956?
2
What is the hundreds digit of 1538089?
0
What is the units digit of 583416?
6
What is the hundreds digit of 403072?
0
What is the hundreds digit of 31227032?
0
What is the tens digit of 6837590?
9
What is the ten thousands digit of 529391?
2
What is the tens digit of 903179?
7
What is the hundred thousands digit of 332046?
3
What is the units digit of 2330231?
1
What is the thousands digit of 16081211?
1
What is the units digit of 2140746?
6
What is the units digit of 80934?
4
What is the hundreds digit of 516149?
1
What is the ten thousands digit of 1143100?
4
What is the tens digit of 14758144?
4
What is the units digit of 13220077?
7
What is the hundred thousands digit of 495061?
4
What is the thousands digit of 4284857?
4
What is the millions digit of 4774198?
4
What is the thousands digit of 887342?
7
What is the units digit of 2613346?
6
What is the tens digit of 30446723?
2
What is the units digit of 269843?
3
What is the units digit of 911215?
5
What is the thousands digit of 468208?
8
What is the millions digit of 17894572?
7
What is the tens digit of 634406?
0
What is the tens digit of 4279795?
9
What is the thousands digit of 11806953?
6
What is the ten millions digit of 15132652?
1
What is the ten thousands digit of 2398170?
9
What is the thousands digit of 525860?
5
What is the hundred thousands digit of 151423?
1
What is the units digit of 2133018?
8
What is the units digit of 19518167?
7
What is the millions digit of 15079986?
5
What is the hundred thousands digit of 572783?
5
What is the millions digit of 1871923?
1
What is the tens digit of 287701?
0
What is the hundred thousands digit of 367607?
3
What is the thousands digit of 2463165?
3
What is the thousands digit of 4969875?
9
What is the ten thousands digit of 2417710?
1
What is the ten thousands digit of 7514583?
1
What is the thousands digit of 160350?
0
What is the millions digit of 2274730?
2
What is the hundreds digit of 75058?
0
What is the hundred thousands digit of 783650?
7
What is the tens digit of 1520307?
0
What is the millions digit of 8083108?
8
What is the millions digit of 2754308?
2
What is the millions digit of 2356314?
2
What is the units digit of 19466753?
3
What is the hundreds digit of 1401738?
7
What is the tens digit of 1109568?
6
What is the thousands digit of 3651524?
1
What is the units digit of 37656?
6
What is the hundred thousands digit of 11508010?
5
What is the ten thousands digit of 946835?
4
What is the ten thousands digit of 22611730?
1
What is the hundred thousands digit of 293786?
2
What is the tens digit of 12996452?
5
What is the millions digit of 14775466?
4
What is the thousands digit of 9166844?
6
What is the hundreds digit of 44814?
8
What is the millions digit of 14287822?
4
What is the hundreds digit of 344916?
9
What is the ten thousands digit of 50303?
5
What is the ten thousands digit of 2844439?
4
What is the hundreds digit of 4495666?
6
What is the hundred thousands digit of 643647?
6
What is the millions digit of 3320236?
3
What is the hundreds digit of 491949?
9
What is the hundreds digit of 4473378?
3
What is the units digit of 4716030?
0
What is the units digit of 1055964?
4
What is the tens digit of 1144506?
0
What is the ten thousands digit of 116954?
1
What is the thousands digit of 367945?
7
What is the thousands digit of 149959?
9
What is the tens digit of 933101?
0
What is the hundreds digit of 65070?
0
What is the tens digit of 1824462?
6
What is the hundreds digit of 3315914?
9
What is the units digit of 2680646?
6
What is the ten thousands digit of 290674?
9
What is the units digit of 123408?
8
What is the tens digit of 2696075?
7
What is the ten thousands digit of 2075730?
7
What is the tens digit of 3056315?
1
What is the hundred thousands digit of 8932070?
9
What is the hundred thousands digit of 4513827?
5
What is the tens digit of 939844?
4
What is the units digit of 213326?
6
What is the tens digit of 135294?
9
What is the units digit of 6807565?
5
What is the thousands digit of 461222?
1
What is the millions digit of 1976372?
1
What is the ten thousands digit of 201778?
0
What is the ten thousands digit of 6979627?
7
What is the hundreds digit of 314401?
4
What is the units digit of 18508027?
7
What is the thousands digit of 864744?
4
What is the ten thousands digit of 435833?
3
What is the thousands digit of 10776890?
6
What is the units digit of 2374305?
5
What is the units digit of 97157?
7
What is the units digit of 2098996?
6
What is the thousands digit of 2253305?
3
What is the thousands digit of 1377282?
7
What is the hundreds digit of 2484205?
2
What is the tens digit of 126984?
8
What is the units digit of 1718937?
7
What is the tens digit of 335623?
2
What is the ten thousands digit of 15980?
1
What is the tens digit of 2927294?
9
What is the ten thousands digit of 565046?
6
What is the tens digit of 941168?
6
What is the hundred thousands digit of 486978?
4
What is the tens digit of 1810445?
4
What is the hundreds digit of 66868?
8
What is the hundred thousands digit of 5334035?
3
What is the units digit of 1254212?
2
What is the tens digit of 99173?
7
What is the hundred thousands digit of 1393561?
3
What is the millions digit of 6036132?
6
What is the ten thousands digit of 244133?
4
What is the thousands digit of 473550?
3
What is the ten thousands digit of 428822?
2
What is the ten thousands digit of 995783?
9
What is the thousands digit of 22650?
2
What is the hundreds digit of 3344211?
2
What is the ten thousands digit of 380478?
8
What is the ten thousands digit of 1892616?
9
What is the units digit of 1936762?
2
What is the ten thousands digit of 228711?
2
What is the tens digit of 212271?
7
What is the ten thousands digit of 24904997?
0
What is the hundred thousands digit of 722200?
7
What is the units digit of 483716?
6
What is the thousands digit of 32179762?
9
What is the thousands digit of 23171?
3
What is the units digit of 237031?
1
What is the units digit of 4853102?
2
What is the thousands digit of 18803129?
3
What is the hundred thousands digit of 3867623?
8
What is the hundred thousands digit of 5861826?
8
What is the units digit of 7679?
9
What is the tens digit of 84972?
7
What is the hundred thousands digit of 6849078?
8
What is the thousands digit of 235428?
5
What is the thousands digit of 43736?
3
What is the millions digit of 34299787?
4
What is the hundreds digit of 411119?
1
What is the hundreds digit of 849685?
6
What is the units digit of 6719903?
3
What is the hundreds digit of 356580?
5
What is the ten thousands digit of 463546?
6
What is the thousands digit of 535984?
5
What is the hundred thousands digit of 12561128?
5
What is the ten thousands digit of 1016515?
1
What is the hundred thousands digit of 3090915?
0
What is t